l(i) = -3*i**3 - 2*i - 1. Let b(d) = 3*d**2 - 4*d + 4. Let j(w) = -8*w**2 + 11*w - 11. Let t(u) = -11*b(u) - 4*j(u). Let k be t(1). Give l(k).
4
Let q(a) = 3*a**3 + 4*a**2 - 4*a. Let v(t) = -4*t**3 - 4*t**2 + 3*t. Let b(i) = -3*q(i) - 2*v(i). Suppose 2*x - 3*x + 1 = -2*s, 3*s = -5*x - 34. Determine b(x).
-5
Let j(n) = -2*n**2 + 5*n - 3. Suppose -r + 7 = 3*i + 3, -2*r - 10 = 0. Give j(i).
-6
Let p(h) = 14*h**3 - h**2 + 2*h - 1. Let f be p(1). Let m(o) = 5 + 0*o + o - f. What is m(4)?
-5
Suppose -3*u + l + 0*l = -4, 5*l = -5*u + 20. Let y(j) = -3 - u*j + 5 - 1 + 2*j**2 + 3*j**2. Determine y(1).
4
Let f(m) = -8*m - 1. Let o(k) = -k**2 + 6*k - 6. Let h be o(4). Suppose l + l = h. Give f(l).
-9
Let s(c) be the first derivative of c**3/3 + 5*c**2/2 - 2*c - 9. Let o be 2*-2 + 2 - 0. Let a(v) = 2*v - 1. Let j be a(o). Calculate s(j).
-2
Let i = 0 + -4. Let a(w) = w**3 + 8*w**2 + 7*w - 1. Let o(z) = -3*z**3 - 23*z**2 - 20*z + 3. Let n(r) = -8*a(r) - 3*o(r). Determine n(i).
-1
Let o(g) = -g**2 + 5. Let u(p) = 3*p - 3. Let s be u(2). Let a be (s + -1)*8/4. Give o(a).
-11
Let g(b) = -7*b**3 + b**2. Suppose 0 = -4*q + 2*f + 17 + 17, -4*f = 20. Suppose -3*t + q*t + 13 = 5*z, 3 = -3*t. Suppose 0 = -5*v + 3 + z. Calculate g(v).
-6
Let z be (-1)/((-12)/(-15) + -1). Let r(l) = -z + l - 3*l**2 + l**2 - l**3 + 7*l**2. Give r(5).
0
Let l(a) be the third derivative of a**4/24 + 2*a**3/3 + 2*a**2. Let b(j) = -2*j**2 - 4*j. Let s be b(-3). Calculate l(s).
-2
Let y(o) = -8*o**3 + 4*o - 5. Let d(k) = 8*k**3 - 5*k + 6. Let z(s) = 6*d(s) + 7*y(s). Suppose 4 = 2*f + 2*f. Calculate z(f).
-9
Suppose y - 5*y = -24. Let b(l) = -l**2 + 4*l + 6. Calculate b(y).
-6
Let y(l) = 0 + 0*l**2 - 2 - 6 + l**2 - 5*l. Calculate y(6).
-2
Suppose 4*n - 22 = -2. Let u(z) be the first derivative of n*z**2 - 3*z**2 + z - z**2 + 3 - 3*z. Calculate u(4).
6
Let k(i) be the second derivative of i**6/36 + i**5/60 - i**4/24 + 5*i**3/6 - 3*i. Let f(a) be the second derivative of k(a). What is f(1)?
11
Let s(v) = v**3 + 4*v**2 - 3*v - 4. Suppose -3*j + 4 = 16. Calculate s(j).
8
Let q(f) = -2*f**3 + 4*f**2 - 2*f + 1. Let d(s) = 4*s**3 - 9*s**2 + 5*s - 2. Let l(k) = -3*d(k) - 7*q(k). What is l(-1)?
-3
Let z(t) = -t**3 - 6*t**2 - 5*t + 1. Let f be (4/(-10))/(4/(-40)). Let j be 15/12*f*5. Suppose -j = 4*a + a. Give z(a).
1
Let s be 92/(-22) - 4/(-22). Let c(m) = m**2 + 4*m + 2. Give c(s).
2
Suppose -2*c + f - 5*f = -20, -3*c - 5*f = -25. Suppose -3*h + 5*m - 10 = c, 5*m - 4 - 6 = h. Let a(u) = -u - 8. Determine a(h).
-8
Let r(l) = -l**3 + 6*l**2 - l + 7. Let v be r(6). Let b be 3 + v - 2/(-1). Let y(i) = 26 + 4*i**2 - i**3 - 28 + 2*i**2. What is y(b)?
-2
Suppose 2*i + 3 = 5*i. Suppose 3 = -4*y - i. Let x(j) be the second derivative of -5*j**4/6 + j**3/6 - 91*j. Calculate x(y).
-11
Let w(f) be the third derivative of f**6/360 - f**4/12 - f**2. Let l(i) be the second derivative of w(i). Let o = -2 + 4. What is l(o)?
4
Suppose -r + 33 = 33. Let k(z) = z**2 + 10. What is k(r)?
10
Let c(r) = -4*r**3 - r**3 + 228 - 227. Determine c(-1).
6
Let u(k) be the second derivative of -k**3/6 - k**2/2 - 16*k. Give u(6).
-7
Let l = 0 - -3. Let b(d) be the first derivative of -l*d**2 + 0*d + 2 - 5/3*d**3 - 1/4*d**4. What is b(-4)?
8
Suppose -13 = 2*o + u, -5 = 2*o + 3*u + 2. Let k = o + 3. Let y(a) = -4 + 3*a - 1 + 2 + a**2 + 2. Determine y(k).
9
Let d(x) be the third derivative of -x**4/12 + 3*x**3/2 - 2*x**2. What is d(6)?
-3
Let k(y) be the third derivative of y**9/60480 + y**8/20160 - y**6/720 - y**5/20 + y**2. Let x(c) be the third derivative of k(c). What is x(-2)?
-5
Let t = 17 - 11. Suppose -3*o + 3 = -3*i + t, -14 = -4*o - 2*i. Suppose 2*g + 0*g = -o. Let h(r) = -5*r. Determine h(g).
5
Let x(b) = 5*b + 3*b + b**2 - 89 + 96 - 2*b. Determine x(-5).
2
Let g(d) be the first derivative of -d**5/120 + d**4/6 + 7*d**3/3 + 7. Let j(c) be the third derivative of g(c). Determine j(3).
1
Let o(v) = 0*v**2 - v**2 + v - 9*v + 0*v + 13. What is o(-10)?
-7
Let b = -5 - -3. Let g = 4 + b. Let k(p) = 1 - 3*p + 0*p - g. What is k(-2)?
5
Let n = -4 + 4. Let u(m) be the second derivative of -m + 0 + 1/6*m**3 - 2*m**2. What is u(n)?
-4
Suppose 2*x + x - 9 = 0. Suppose -2*y + 5*m = x*m + 12, 5*y + 3*m + 6 = 0. Let j(z) = -2*z - 3. Calculate j(y).
3
Let j(c) = 20*c**3 + 6*c**2 - 4*c + 7. Let s(l) = -7*l**3 - 2*l**2 + l - 2. Let f(r) = 2*j(r) + 7*s(r). Calculate f(-1).
8
Let f(i) be the third derivative of -i**8/6720 - i**7/2520 - i**6/240 - i**5/60 - i**4/6 + 2*i**2. Let t(d) be the second derivative of f(d). Calculate t(-2).
8
Let y(g) = -g**3 - 3*g**2 - 2*g + 4. Let j be y(-3). Let f = j - 11. Let o(r) be the third derivative of r**6/40 + r**5/60 + r**2. Calculate o(f).
-2
Suppose 0 = 2*k + 4 - 8. Let y be (k/(-4))/(1/6). Let c(r) = -r**3 - 2*r**2 + r + 2. Give c(y).
8
Let o(t) = -t**2 - t - 6. Let f(z) = z**3 + z**2 + z - 1. Let r(x) = f(x) + o(x). Suppose 3*d - 6*d = 0. What is r(d)?
-7
Suppose 2*i + 2 = -2. Let j(t) = t. Let s(z) = -z**2 + 4*z. Let c(m) = -4*j(m) + s(m). What is c(i)?
-4
Let p(g) = 2*g - 1. Let j be (2 - 28/12)*3. Give p(j).
-3
Let p(n) = -3 - 30*n - 2*n**2 + 32*n + 3*n**2. Determine p(4).
21
Let j(p) = p**2 - 5*p + 6 + 12*p - 5. What is j(-7)?
1
Let v(n) = 3 + 0 + n + 0*n + 0*n. Determine v(3).
6
Let y = 11 - 6. Suppose -y*f = -3*g, 3*g + 0*f = 3*f - 6. Let u(w) = -w**2 - 7*w - 5. Calculate u(g).
5
Let a(c) = c. Let d be (-1 + 0)*(4 - 3). Let j be 2 + -3 + 3 - d. Give a(j).
3
Suppose 0 = 3*c - 11 - 7. Let u(o) = -o**2 + 7*o + 7. Calculate u(c).
13
Let q(i) = -i**3 - 3*i**2 + 2*i - 2. Let b be 2/(-3) - 22/(-6). Let t = -40 - -34. Let a = t + b. Determine q(a).
-8
Suppose -a + 5*z + 21 = -5*a, a - z = 6. Let m(w) = 4*w**3 - 2*w**2 + 2*w - 1. Give m(a).
3
Let k(f) be the first derivative of 5*f**2/2 - f - 4. Determine k(1).
4
Let a(c) be the first derivative of 3*c**2 + 3*c + 2*c**3 + 3 + 1/4*c**4. What is a(-5)?
-2
Let i(m) = 2*m - 2 - m + 4 - 1. Let g(a) = 3*a**2 + 2*a + 3. Let r(j) = -g(j) + 2*i(j). Determine r(-1).
-4
Let f(n) = -2*n - 4. Let p be f(-3). Suppose -p = -3*x + 1. Let j(y) be the first derivative of 3*y**2/2 - y + 14. Calculate j(x).
2
Suppose 72 = 2*y + 2*d, 2*d + 84 = -0*y + 2*y. Let j(n) = y - 2*n - 41 - n. Calculate j(-3).
7
Let j(r) = r - 1. Let m(i) = -35*i + 35. Let l(a) = 30*j(a) + m(a). Give l(4).
-15
Let p(x) = 5*x + 4*x**2 - 14*x + 3*x + 5*x. Give p(-2).
18
Let t(v) = -v**2 + 4. Let s(w) = -w**3 + 11*w**2 - 9*w - 8. Let q be s(10). Suppose 9 = -2*x + 5*x, 2*b + 10 = q*x. Let h be 1/b - (-4)/8. Calculate t(h).
4
Suppose 1 = 4*y - 7, q - 4*y + 4 = 0. Let k = -2 - q. Let w be ((-1)/2)/(3/k). Let g(b) = -5*b**2 + b. Determine g(w).
-4
Let y(c) = -2*c + 5. Let m(j) = -1. Let d(q) = 4*m(q) + y(q). Calculate d(-2).
5
Let a(f) = f**3 - 13*f**2 + 12*f - 2. Let x be a(12). Let u be (-3)/x - (-2)/(-4). Let w(k) = 5*k. Determine w(u).
5
Let p(s) be the third derivative of -s**5/15 + 4*s**2. Calculate p(-2).
-16
Let k(a) = -8*a**3 - 6*a**3 - a + 21*a**3. Give k(1).
6
Let u = 2 + 2. Suppose u*f + p = -2*p - 13, 2*p + 6 = 0. Let x(v) = -2*v - 4*v + 4*v + v - v**2 + v**3. What is x(f)?
-1
Let r(t) = t - 1. Let m = -19 - -26. Calculate r(m).
6
Let g(l) = -l**3 + 6*l**2 + 2*l + 1. Let q(x) = -x**3 + x. Let o be q(-2). Give g(o).
13
Let g(p) = p**2 - p - 3. Let k(z) be the first derivative of -z**2/2 + 7*z + 3. Let q be k(7). Determine g(q).
-3
Let v(r) = r + 6. Let a = -6 - 4. Give v(a).
-4
Let v(r) = r**3 + 5*r**2 - 8*r - 4. Let k = 2 - 1. Let a = 8 - k. Suppose -3*h = 3*p + a + 26, -3*p + 7 = -5*h. Give v(p).
8
Let b(f) = 3*f. Let n be b(4). Suppose n = -3*q + 51. Suppose -12 = 5*x + q. Let g(m) = m + 1. Calculate g(x).
-4
Let y(o) be the second derivative of o**2 + 0 + 2*o + 1/3*o**3. Calculate y(-6).
-10
Suppose 0 = r - 1 - 1. Let y(x) = -4*x**2 + x**2 + r*x**2 - 1 + x. Let h be (-4)/(-30) - 56/(-30). What is y(h)?
-3
Let c(s) = -s. Let d(y) = -3*y + 3. Let a(u) = 2*c(u) - d(u). Determine a(-3).
-6
Let v = -2 + 2. Let d = 5 + -3. Let b(u) = -u + 3. Let o(j) = 2*j - 7. Let p(n) = d*o(n) + 5*b(n). Give p(v).
1
Let r(a) = 6 + 3 - 4 + 2 - 3*a. Calculate r(5).
-8
Let o be 3/(-2)*(-16)/12. Let f(q) = -4*q**3 - 5*q**2 + q + 13. Let y(s) = s**3 + 2*s**2 - 4. Let k(l) = o*f(l) + 7*y(l). Determine k(4).
6
Su